 - -2) + (19 + -2 - 6).
3
What is 19 - 20 - (-1 - (1 + 4))?
5
Evaluate -7 - -2 - (3 - 0) - -4.
-4
What is -2 + -9 + 9 + 10?
8
Calculate 0 + -1 + -1 + 7.
5
What is 1 - 7 - -5 - (3 + -1)?
-3
What is the value of 5 + -9 + 0 + 2?
-2
5 - ((3 + 3 - 3) + 11)
-9
What is the value of 26 - 37 - (5 + -9)?
-7
What is the value of -1 - 2 - (0 - (7 + -7))?
-3
Calculate -6 - (-1 + 3 + (-11 - -4)).
-1
What is the value of 4 + 0 - (0 + 2)?
2
What is 3 - 0 - (-14 + 17)?
0
What is the value of (1 - -1) + 9 + -8 + -5?
-2
Calculate -2 + 2 + -5 + 4.
-1
Calculate 12 + (-10 - -13) + -10.
5
Evaluate 11 + 2 + (8 + 1 - 15).
7
What is the value of -3 - -9 - (-4 - -9)?
1
What is the value of -1 + (0 - -1) + (2 - 3)?
-1
What is -1 + (0 + -1 - -7 - 1)?
4
Calculate -6 + (-7 - -7) - (1 + -5).
-2
What is the value of -17 + (15 - 5) + 0 + 3?
-4
Calculate 3 + (4 - 3 - -1).
5
10 - 11 - (0 + -3)
2
What is (12 - 13 - (8 - -1)) + 3?
-7
What is the value of -2 - ((-11 + 5 - -7) + 1)?
-4
Calculate 22 - 17 - (1 - -4 - -1).
-1
Evaluate 4 - (-1 - (-2 + -4)).
-1
Calculate 66 - 59 - (8 - 0).
-1
What is the value of 2 + (-3 - (-6 + 8)) + 6?
3
Calculate -15 - -8 - (-2 - 1).
-4
What is 10 + (-8 - -1 - (-19 + 18))?
4
What is -16 + 8 + -1 + 4 + 1?
-4
Calculate -2 + 7 + -7 - -6.
4
Evaluate 1 + 3 + (3 - 5 - 4).
-2
What is 12 + -24 + (2 - -14)?
4
What is 5 - 9 - (1 - 4) - -2?
1
-8 + 4 - (-1 - 1) - -4
2
Evaluate -3 - (4 - (6 + -3 - 0)).
-4
Evaluate -5 + (-8 - -1) - -10.
-2
What is the value of -6 - -2 - ((6 - 11) + 4)?
-3
What is -1 - (-3 + -1 + -6 + 15)?
-6
What is 2 - ((9 - 6) + (0 - 6))?
5
Calculate 1 + -2 - (-2 + 12 + -12).
1
Evaluate -23 + 11 + 24 + -11.
1
Evaluate -4 + (-44 - -47 - (0 + -6)).
5
What is the value of -1 - 2 - (-2 + 3 - 1)?
-3
What is 1 - 0 - (-3 - (-1 + 0))?
3
What is 2 + 1 + -6 + 6?
3
Calculate -5 - 1 - (4 - 2 - 6).
-2
Calculate -5 + -1 - (-10 - -6).
-2
Evaluate 0 + 50 + -52 + (2 - -1).
1
What is the value of -2 - (4 - 1 - 3) - -5?
3
What is the value of -1 + -1 + 9 + -4?
3
Evaluate 13 - 7 - (3 + (-3 - -2)).
4
-4 + 2 + (-4 - -2)
-4
What is -6 + 8 + -5 - (-7 + -2)?
6
Calculate 3 + 10 + (3 - 11).
5
What is the value of -5 - -7 - -4 - 10?
-4
Calculate 0 - (-4 + 3 + -5 - -4).
2
Evaluate 0 + -7 + (3 - 3 - -5).
-2
Evaluate -3 + 8 + (7 - (10 - -5)).
-3
What is the value of 1 - -4 - ((6 - 9) + 4)?
4
What is (5 - 2) + (0 - (-2 + 0))?
5
Evaluate 1 - (9 + -9) - 0.
1
2 - (5 - 5 - (1 - 4))
-1
(-24 - -26) + (-1 - -1) - 4
-2
Evaluate (30 - 33) + -2 + -1.
-6
Evaluate 7 - ((-1 - -4) + 5).
-1
Calculate -5 - (-8 - -2) - 5.
-4
Evaluate (-6 - (-6 - -3)) + 4.
1
-1 + 14 - ((11 - 6) + -1)
9
What is -7 + 3 + 3 - 0?
-1
What is (0 - 0) + 3 + -2?
1
What is the value of (2 - 2) + 4 - 2?
2
Evaluate 2 - (0 + (6 - 6) + -1).
3
What is -1 + 0 + (2 + -1 - 5)?
-5
What is the value of (-4 - 1 - -7 - -7) + -4?
5
Evaluate 1 + -5 - (1 + 3 + -2).
-6
What is the value of 6 - (1 + 2 - (-8 - -9))?
4
Evaluate 0 + (0 - -4) + -478 + 476.
2
What is 4 - 2 - 2 - (-5 - -2)?
3
Calculate (0 - -6) + -2 + 1 - 0.
5
Evaluate (4 - (5 - 3)) + 0.
2
What is -12 + (20 - -2) - (0 + 3)?
7
(-6 + 4 + 2 - -15) + -6
9
Evaluate (26 - 23) + (-2 - 1).
0
What is the value of 3 - (3 + -4 - -4)?
0
What is the value of -51 + 63 - (1 - -7)?
4
6 - (8 + -13 + 7)
4
Evaluate 7 + -10 + 3 + 0 + -2.
-2
Calculate 0 + 7 + (6 - 14).
-1
-2 + (-6 - -2 - -5) - -10
9
(-12 - -10) + (-1 - 0) - 0
-3
-2 - (3 - (0 - (2 - 2)))
-5
Calculate 19 + -20 + (2 - -2 - 1).
2
-5 - -5 - (0 + 3)
-3
-1 - (4 + -2 + 1 + -3)
-1
9 + (0 - 4) - 4
1
What is 138 + -148 + (1 - 0)?
-9
What is -3 + 1 - (0 - 5)?
3
-2 - (4 + 2) - (-2 + -2)
-4
What is 5 + -4 - -4 - (1 + -3)?
7
Evaluate (-5 - (-4 - -5)) + 4.
-2
Calculate (13 - 4) + -14 + -2.
-7
What is 0 + (-4 - (-11 + 4))?
3
Evaluate -1 - (-3 - -8) - (2 - 5).
-3
What is the value of 6 - (7 + -10 + 2) - 4?
3
(-1 - 2 - -2) + 3
2
What is (-1 - (-3 + 3 - 5)) + -4?
0
Calculate 0 + (-11 - -2 - -4).
-5
What is the value of 5 + 2 + -12 + (-2 - -2)?
-5
2 + -1 - (-7 + (19 - 6))
-5
Evaluate 9 + 19 + -11 + -6.
11
What is (3 - -2) + -1 - 3 - -5?
6
What is the value of 4 + -3 - (-2 - -1)?
2
Evaluate 2 + (-2 + -3 - -1) + 1.
-1
What is the value of -520 - -523 - (-4 - (-1 - 0))?
6
What is the value of (2 - -1) + (5 - (11 + -2))?
-1
Calculate (-3 - (1 - -2)) + 4.
-2
Calculate (2 - (-3 + 1)) + (-1 - 1).
2
Evaluate 6 + -2 + (8 - (-4 - -12)).
4
Evaluate -4 - -1 - (3 + -3).
-3
What is the value of -4 - -9 - 5 - 2?
-2
-1 + -1 + (0 - (-4 - 5))
7
Calculate -8 - (1 - 5 - 2).
-2
Calculate 10 + -15 + 12 + 1.
8
What is -1 + 0 + 6 + -7 + -1?
-3
Evaluate -2 + 0 + (-15 - -13).
-4
Evaluate -4 + 10 + 2 + -5.
3
What is the value of (-1 - 5) + 12 + -10 + 9?
5
-7 + 0 - -5 - 1
-3
What is (-5 - 2 - -14) + -14?
-7
Evaluate -2 - 3 - (-7 + 7).
-5
-5 + (3 + -2 - 0)
-4
What is -38 - -36 - (0 + -6) - 1?
3
Evaluate 7 + 8 + -7 + -4.
4
What is the value of 12 + (-23 - 3 - -8)?
-6
What is 4 - (-3 - -4) - 3?
0
38 - 38 - (1 + 1 + 0)
-2
What is the value of (-2 - 11) + 1 - (38 - 43)?
-7
Evaluate 5 - 2 - (15 + -16).
4
What is -2 + 2 + (-1 - -2)?
1
1 - 5 - (-4 + 0) - -7
7
What is the value of -12 + (-2 - (-2 + -2 - 4))?
-6
What is (-2 + -6 - -1) + 7?
0
What is 9 + -14 + (2 - -1)?
-2
3 - (3 - -3) - (4 + -10)
3
What is the value of -7 - (-7 + -13 + 15)?
-2
What is 2 - 8 - (9 - (5 - 0))?
-10
Calculate (11 - 12) + (-2 - -7).
4
What is the value of 1 - (2 + 7 + 0)?
-8
Evaluate -18 - (1 - 8) - -21.
10
Calculate (-1 - -5) + -31 + 33 - -3.
9
Calculate 6 + 0 + -2 - 6.
-2
What is (-21 - -26) + -1 + 0?
4
Evaluate (1 + -4 - (11 + -17)) + -6.
-3
Calculate -3 + 1 + 11 + -3.
6
-5 + (3 - 1) + -3
-6
Evaluate 10 + (-4 + 0 - (-18 - -17)).
7
What is -9 + 4 + -1 + 1?
-5
What is 7 - (51 + -50 + 0 + -1)?
7
Calculate -2 - -4 - (4 - 1) - 3.
-4
What is the value of 0 + (-2 + 4 - (-4 - -2))?
4
Evaluate 10 - (-1 + -1 + 4).
8
Evaluate (-3 + 5 - 2) + 3.
3
4 + (-1 + 1 - 0)
4
-65 - -42 - (-14 - -2)
-11
Evaluate (-10 - -3) + (5 - (4 - 2)).
-4
What is the value of -3 + 3 + -4 - 1?
-5
What is the value of (3 - 7 - -4) + -4 + 3?
-1
What is the value of 5 + -2 + 9 + -13?
-1
What is (-3 - 2) + (2 + 3 - 1)?
-1
What is 8 - 9 - (-3 - (-3 + -4))?
-5
(0 - (-2 + 2)) + 3 + 3
6
Evaluate 4 + (6 + -3 - 2 - 5).
0
What is the value of (1 - 6) + 1 + 1?
-3
Calculate (-1 - 2) + (31 - 20).
8
Evaluate 1 + 5 + -2 - (-4 - -3).
5
Evaluate (3 + -3 - -3) + 28 + -27.
4
(-3 - 4) + (-3 + 11 - -4)
5
1 + 10 + -11 + -2
-2
Evaluate (0 - (7 - 3)) + 11 + -2.
5
What is -1 + 2 - ((2 - 1) + 1)?
-1
What is the value of 1 + -2 + 4 + 10 + -12?
1
What is -2 + 1 - ((-7 - -5) + 0)?
1
Evaluate (6 - 6) + 0 + -8 + 4.
-4
Evaluate 0 + -1 - (0 - 1) - -2.
2
What is 3 - (0 - (-3 + -1) - 2)?
1
Calculate 2 - (-1 - -1 - -4) - 0.
-2
What is 8 - (12 + -5 - 1)?
2
Calculate 7 - (2 - (-4 + 11) - -14).
-2
Calculate 4 + (-4 - (4 + -8)) + -4.
0
Evaluate 7 + -12 + (7 + 0 - 2).
0
What is 0 + -15 + 3 + 7?
-5
Evaluate 6 + 0 + -5 + 6.
7
Evaluate 0 + 1 + -11 + 8 + -2.
-4
What is the value of (-10 - (-8 - -5)) + 4?
-3
What is the value of (1 - (-5 + 7)) + 12?
11
Calculate 1 + -2 + (-2 + -2 - -3).
-2
3 + (4 - 5) + 2
4
5 + (-6 - (1 + -4)) + -3
-1
Evaluate 6 - (-13 - (6 - 19)).
6
Calculate 1 + (2 - 1 - -2).
4
What is the value of 1 - -4 - (-7 - -3 - -8)?
1
-5 - (3 + -18 + 14)
-4
(-3 - -4) + -5 - -2
-2
Calculate -7 + 0 + -3 + 5 + 3.
-2
What is the value of (7 - 15 - -5) + 6?
3
Calculate 4 + (0 - 4) - (2 - -2).
-4
Calculate 2 - (2 + 0 - (0 + 2)).
2
Evaluate (68 - 66) + -2 + 7.
7
1 + (12 - 4) + (-3 - 1)
5
What is the value of 1 + (-8 - -4 - -8)?
5
Calculate -6 - (4 + -23 - (-10 + 7)).
10
Calculate 1 - ((-4 - -3) + -1).
3
-5 + -12 + 13 + -6
-10
Calculate (-33 - -37) + (-1 - (3 + -2)).
2
Calculate -1 + -3 + (1 - 2) - 0.
-5
8 + -15 - (2 - (8 + -1))
-2
-5 - (-14 - -9) - (0 - 2)
2
What is the value of 12 - (8 - -1) - 8?
-5
Calculate 1 + -3 - ((1 - -1) + -5).
1
Evaluate -12 + -1 - (-10 - 18 - -23).
-8
What is (-7 - (0 + 0)) + 5 - 4?
-6
What is 30 - 34 - (-3 + 3)?
-4
What is the value of (138 - 137) + (1 - 6)?
-4
Calculate (-4 - 1) + (10 - (-6 + 8)).
3
What is the value of 3 - (-11 - -4 - -9)?
1
What is the value of (-1 - 8 - (-4 - 3)) + 2?
0
What is the value of 31 + -30 - (-1 + 2)?
0
What is the value of -5 - (-5 + (1 - -3))?
-4
What is -6 - -6 - 3 - -1?
-2
What is the value of 4 + 2 - (4 - -9)?
-7
Calculat